ime factors of n?
2, 3
Suppose 4*v - 2*v = 0, -14 = -j + 5*v. Let n be 4/j + (-1020)/42. Let k = -14 - n. List the prime factors of k.
2, 5
Suppose 3*f - 2*f = 17. Let q = -9 + f. List the prime factors of q.
2
Let k(y) = -7*y - 5. What are the prime factors of k(-6)?
37
Suppose -2*m + 0*m + 14 = 0. Suppose 2*a + 1 = -m. List the prime factors of (-39)/a + (-9)/12.
3
Let i be 6 + (-4 - (-4 - -2)). Suppose i*f = f. Let k = f + 6. List the prime factors of k.
2, 3
Suppose 0 = 27*i - 30*i + 318. List the prime factors of i.
2, 53
Let w = 63 - 32. Suppose -3*j = 2*d - w, 0 = 4*j + 3*d - 8 - 32. What are the prime factors of j?
13
Suppose 0 = 3*r + 2*r - 15. Suppose -2*g = -4*m - 44, -3*g - 51 = -6*g + r*m. What are the prime factors of g?
2, 3
Let v = -35 - -15. Let i = v + 41. List the prime factors of i.
3, 7
Suppose 3*x + 1 = 13, -37 = -5*w - 3*x. Let l = w + -14. Let r(y) = -2*y - 7. What are the prime factors of r(l)?
11
Suppose 3*r = 4*x - 175, 2*x + 125 = 5*x + 4*r. What are the prime factors of x?
43
Suppose 0 = -4*g - 5*u + 1, g + u + 3*u = 3. Let f = 3 - g. Suppose -27 = -f*r + 5. List the prime factors of r.
2
Suppose 4*m + 48 = -4*d + 6*d, 2*d + 2*m = 42. List the prime factors of d.
2, 11
Let v = 39 - 37. What are the prime factors of v?
2
Let m = -30 + 15. Let c be 46/(1 + 3 - 2). Let l = m + c. List the prime factors of l.
2
Let y = -17 - -31. Let c = -2 + y. Let a(s) = s**3 - 11*s**2 - 11*s - 4. What are the prime factors of a(c)?
2
Let v(d) = 6*d**3 + d**2 - 2*d + 1. Suppose n - 3*s - 5 = 0, -4*n - 2*s = -7*s + 1. Let w be (n/(-2))/((-4)/(-2)). What are the prime factors of v(w)?
2, 3
Let p(j) = -j**3 + 14*j**2 + 5*j - 3. What are the prime factors of p(14)?
67
Let g be 214/14 - (-4)/(-14). Suppose -4*k + g = k. Suppose k*x + 3 - 18 = 0. List the prime factors of x.
5
Let j(l) = 37*l**2 + 4*l - 3. List the prime factors of j(1).
2, 19
Let u(p) = 5*p**3 - 2*p - 3. Let v be u(-2). Let t = -21 - v. List the prime factors of t.
2, 3
Suppose 13 = 3*m - f, 4*f - 4 = -2*m - 0. Let k(z) = -5*z + m - 4*z**2 - 2 - 3*z + 3*z**2. List the prime factors of k(-7).
3
Suppose 0*n + 8 = 2*n. Suppose -j = n*j - 145. List the prime factors of j.
29
Suppose 14 = 4*o - 5*k - 6, 25 = 5*o + 2*k. List the prime factors of o.
5
Let v(j) = -j - 5. Let z be v(-5). Suppose -2*s - 3*o + 45 = -6*o, z = 5*s - 4*o - 95. What are the prime factors of s?
3, 5
Suppose -5*p + 4 = 4*v - 1, -p - 15 = 4*v. Let n(i) = -5 - 4*i**2 - i**2 - 7*i + 4*i**2. What are the prime factors of n(v)?
5
Let a(b) = -3*b + 3*b**2 - b - 4*b**2 + 6 + 5*b. What are the prime factors of a(0)?
2, 3
Let h(w) = 2*w**2 - 2*w - 3. Let n be h(-2). Let p be 26/3 - (-3)/n. What are the prime factors of (2/4)/(p/234)?
13
Let p = 58 + -44. List the prime factors of p.
2, 7
Let p be 436/22 + 8/44. Suppose 0*v - p = -2*v. List the prime factors of (-2)/(-10) + 68/v.
7
Let b(r) = -r - 6. Let m be b(-8). Suppose 4*z - 252 = -4*f, m*z + 0*z - 106 = 2*f. Suppose 3*g - z = 5*a, 6*g - g - 60 = a. List the prime factors of g.
11
Suppose 12 = 2*a - w, -a + 2*w - 7*w = -28. Suppose -a = 2*h, -k + h + 109 = 4*k. What are the prime factors of k?
3, 7
Let a be (-8)/3*(-3)/2. Suppose 0 = r - 3*u - 25, 23 + 91 = 5*r - a*u. List the prime factors of r.
2, 11
Suppose -5*u + 3*r = 10 + 7, 5*u + 25 = 5*r. Let z(d) be the third derivative of d**5/30 - d**4/24 + 2*d**2. List the prime factors of z(u).
3
Let b(n) = 2*n + 9. Let i be b(-6). Let v(x) be the first derivative of -x**4/4 - 2*x**3/3 + 3*x**2/2 + 3*x - 5. What are the prime factors of v(i)?
3
Let o(h) = 3*h - 3. What are the prime factors of o(4)?
3
Let u(o) = -o**3 - 4*o**2 + 4*o + 7. Let a be (-1 + 2 + 0)*1. Let x be -2*a + -1 + -2. List the prime factors of u(x).
2, 3
Let v be 2/(3/45*-1). Let m(w) = -2*w**2 + 10*w - 8. Let f be m(6). Let a = f - v. What are the prime factors of a?
2, 5
Let f(u) = u + u**2 + u - 7 + 4*u - 3*u. What are the prime factors of f(-5)?
3
Let g(f) = 2*f - 4. Let k be g(4). Suppose -k*o = -4*n - 84, 4*n + 38 = o + o. List the prime factors of o.
23
Let q(d) = -2*d**2 - 4*d. Let g(h) = -4*h**2 - 7*h. Let y(j) = -3*g(j) + 5*q(j). Let b be (4/10)/((-2)/10). What are the prime factors of y(b)?
2, 3
Let u be (-6)/15 - (-12)/5. List the prime factors of u/(-3) + 58/6.
3
Suppose 9 = 2*j + 1. Suppose j = -2*z, -4 = d + 2*d + 5*z. List the prime factors of 18 - 0*(d + -3).
2, 3
Suppose 10 = 4*h - 6. What are the prime factors of 10 + (2 - (h - -1))?
7
Let b(f) = 2*f**2 - 2*f - 7. What are the prime factors of b(5)?
3, 11
Let j(q) = 3*q**3 - 3*q**2 - q. Let o(p) = 2*p**3 - 3*p**2 - p. Let n(y) = 3*j(y) - 4*o(y). What are the prime factors of n(-2)?
2
Let q(h) = h - 8. Let c be q(8). Let k = 5 + c. What are the prime factors of k?
5
Suppose t - 6 = 2*t. Let m = -4 - t. What are the prime factors of m?
2
Suppose 0*z + 1 = -3*w - z, -4*z = 5*w + 11. Let u(j) = 2*j**2 - j + 1. Let k be u(w). Suppose i + 4 = k*i. What are the prime factors of i?
2
Let u = -13 + 5. Let y = u - -16. List the prime factors of y.
2
Let o be 1/((-2)/(-1 + -35)). Suppose -6 = -2*f + o. Let d = f + -1. List the prime factors of d.
11
Let c(x) = 2*x + 1 - 12 - x + 2*x. List the prime factors of c(5).
2
Suppose 3*p + 0*p - 15 = 0. Let t be ((-24)/(-10))/(9/150). Suppose -p*r + j - 5*j + 50 = 0, -4*r + t = 3*j. List the prime factors of r.
2, 5
Let c be 2/3 - 12/18. Let l be 2/7 - (-66)/14. Suppose c = -g - 1 + l. What are the prime factors of g?
2
Suppose 2*g = -2*s + 8, -3*s - 8 = -3*g - 26. Let w = 4 + g. Suppose w*h = 7*h - 36. List the prime factors of h.
3
What are the prime factors of ((-4)/(-9))/2 + (-7752)/(-108)?
2, 3
Suppose -2*n = -3*n + 5. Suppose -3*h + 21 = h + n*l, -3*h + 11 = -l. Suppose 67 = 5*f + h*u, -2*f + 3*u - 5*u + 28 = 0. List the prime factors of f.
11
Let l be 4 - 0/(2 + -3). Suppose -l*o = -o - 12. Suppose o*s - 3*r = 31, 4*r + 39 = 3*s + 2*s. What are the prime factors of s?
7
Suppose -3*f - 101 = 19. Let l = -2 - f. What are the prime factors of l?
2, 19
Let c(b) = 6*b**3 - 3*b**2 + 6*b - 6. What are the prime factors of c(2)?
2, 3, 7
Let m be 2*(1 - 0/(-3)). Suppose m*x = -3*x + 5, 2*x = 5*f - 13. What are the prime factors of f?
3
Let s = -16 - -8. Let g be s/(-36) + (-68)/(-18). Suppose 0 = 5*x + 4*o - 5 - 42, 0 = -g*x - 5*o + 34. What are the prime factors of x?
11
Let n(g) = 20*g - 87. What are the prime factors of n(13)?
173
Suppose 0 = -3*g + 5*w + 332, 4*w - 355 = -3*g - 59. List the prime factors of g.
2, 13
What are the prime factors of -3*(-2 + -15)/1?
3, 17
Let s be ((-184)/20)/(1/(-5)). Let g = 76 - s. List the prime factors of g.
2, 3, 5
What are the prime factors of (-24)/12 + (78/3 - -1)?
5
Let z = 37 + -9. Suppose 5*n + 3*t - 25 = 0, 0*n - 4*n + z = 4*t. List the prime factors of n.
2
Suppose c - 3*c + 3*b = -136, 4*b = -c + 57. Suppose -c = -4*q + 15. List the prime factors of q.
2, 5
Suppose -3*w - 2*a + 177 = 2*a, 5*w - 269 = 2*a. List the prime factors of w.
5, 11
Let l(y) = 2*y**2 - 5*y + 4. Let m(k) = 6*k**2 - 15*k + 12. Let q(h) = -17*l(h) + 6*m(h). List the prime factors of q(3).
7
Let o be (1 - 0 - 0) + 5. Let p(h) = 5*h - 7. Let m be p(o). Let a = m - 5. List the prime factors of a.
2, 3
Suppose -3*i + 30 = -i. What are the prime factors of i?
3, 5
Let t = 23 - 13. Suppose 2*l - 1 = 3. Suppose -2*m = 5*q - m - 25, l*q - t = -3*m. List the prime factors of q.
5
Suppose 2*d + 2*d + 76 = 0. Let s = -9 - d. What are the prime factors of s?
2, 5
Suppose 10 - 26 = -4*z. Let m = z + 0. List the prime factors of m.
2
Suppose 2*f + 100 = 7*f. What are the prime factors of (65/f)/(2/8)?
13
List the prime factors of 42/2 + (3 - 1).
23
Suppose 310 = 5*y - 2*j, 2*y + 14 = -3*j + 157. List the prime factors of y.
2
Let c(x) = -x. Let r be c(-5). Suppose 0 = -0*p - p - r. What are the prime factors of p/1*1*-1?
5
Suppose 0 = 2*c + c + 39. Let i(n) = -n**3 - 14*n**2 - 18*n + 11. Let v be i(c). Suppose -2*j - 3*p = -4*j + 30, -4*j - 2*p = -v. List the prime factors of j.
2, 3
Let s(v) = -v + 2. Let x be s(2). Suppose x = -3*k - k + 140. List the prime factors of (10/k)/(2/14).
2
Suppose 5*y = -5*n - 295, -87 = 2*y + 5*n + 43. Let m be (2 - 6) + (2 - 0). List the prime factors of m/3 + y/(-15).
3
Let f = -7 + 6. Let a(r) = -42*r. L